{"id":1035,"date":"2024-12-27T16:13:14","date_gmt":"2024-12-27T15:13:14","guid":{"rendered":"https:\/\/itinfo.shsbl.de\/?page_id=1035"},"modified":"2024-12-28T08:28:56","modified_gmt":"2024-12-28T07:28:56","slug":"anleitungen","status":"publish","type":"page","link":"https:\/\/itinfo.shsbl.de\/?page_id=1035","title":{"rendered":"Anleitungen"},"content":{"rendered":"\n<div\n\tclass=\"betterdocs-category-grid-wrapper betterdocs-shortcode\">\n\t<div\n\t\tclass=\"betterdocs-category-grid-inner-wrapper layout-1 layout-flex docs-col-3 single-kb\" data-column_desktop=\"3\" style=\"--column: 3;\">\n\t\t\n<article\n\tdata-id=\"40\" class=\"betterdocs-single-category-wrapper category-grid default\">\n\t<div class=\"betterdocs-single-category-inner\">\n\t\t\n<div class=\"betterdocs-category-header\">\n\t<div class=\"betterdocs-category-header-inner\">\n\t\t\n<div class=\"betterdocs-category-icon\">\n\t<img decoding=\"async\" alt=\"betterdocs-category-icon\" class=\"betterdocs-category-icon-img\" src=\"https:\/\/itinfo.shsbl.de\/wp-content\/plugins\/betterdocs\/assets\/admin\/images\/betterdocs-cat-icon.svg?v=4.2.4\" \/><\/div>\n<h2 class=\"betterdocs-category-title\">Postfach<\/h2>\n<div data-count=\"1\" class=\"betterdocs-category-items-counts\">\n\t<span>\n\t\t 1 \t<\/span>\n<\/div>\n\t<\/div>\n<\/div>\n<div class=\"betterdocs-body\">\n<ul class=\"betterdocs-articles-list\">\n\t<li><svg version=\"1.1\" id=\"Layer_1\" xmlns=\"http:\/\/www.w3.org\/2000\/svg\" xmlns:xlink=\"http:\/\/www.w3.org\/1999\/xlink\" x=\"0px\" y=\"0px\"\n\t viewBox=\"0 0 100 100\" xml:space=\"preserve\">\n<g id=\"Icon\">\n\t<path class=\"st0\" d=\"M90.6,87c0,3.4-1.3,6.6-3.7,9c-2.4,2.4-5.6,3.7-9,3.7H22.5c-3.4,0-6.6-1.3-9-3.7c-2.4-2.4-3.7-5.6-3.7-9V13.1\n\t\tc0-3.4,1.3-6.6,3.7-9c2.4-2.4,5.6-3.7,9-3.7h39.7c2.1,0,4.2,0.8,5.7,2.4l20.4,20.4c1.5,1.5,2.4,3.6,2.4,5.7V87z M83.7,87V28.9\n\t\tc0-0.3-0.1-0.6-0.3-0.8L62.9,7.7c-0.2-0.2-0.5-0.3-0.8-0.3H22.5c-1.5,0-3,0.6-4.1,1.7c-1.1,1.1-1.7,2.5-1.7,4.1V87\n\t\tc0,1.5,0.6,3,1.7,4.1c1.1,1.1,2.5,1.7,4.1,1.7h55.4c1.5,0,3-0.6,4.1-1.7C83.1,90,83.7,88.6,83.7,87z\"\/>\n\t<path class=\"st0\" d=\"M60.6,6.2c0-1.9,1.6-3.5,3.5-3.5s3.5,1.6,3.5,3.5v16.2c0,0.6,0.5,1.2,1.2,1.2h16.2c1.9,0,3.5,1.6,3.5,3.5\n\t\ts-1.6,3.5-3.5,3.5H68.7c-4.5,0-8.1-3.6-8.1-8.1V6.2z\"\/>\n\t<path class=\"st0\" d=\"M31.7,46.6c-1.9,0-3.5-1.6-3.5-3.5c0-1.9,1.6-3.5,3.5-3.5h36.9c1.9,0,3.5,1.6,3.5,3.5c0,1.9-1.6,3.5-3.5,3.5\n\t\tH31.7z\"\/>\n\t<path class=\"st0\" d=\"M31.7,62.8c-1.9,0-3.5-1.6-3.5-3.5c0-1.9,1.6-3.5,3.5-3.5h36.9c1.9,0,3.5,1.6,3.5,3.5c0,1.9-1.6,3.5-3.5,3.5\n\t\tH31.7z\"\/>\n\t<path class=\"st0\" d=\"M31.7,79c-1.9,0-3.5-1.6-3.5-3.5c0-1.9,1.6-3.5,3.5-3.5h20.8c1.9,0,3.5,1.6,3.5,3.5c0,1.9-1.6,3.5-3.5,3.5\n\t\tH31.7z\"\/>\n<\/g>\n<\/svg>\n<a href=\"https:\/\/itinfo.shsbl.de\/?docs=ein-dummy-dokument-3\"><span>Ein Dummy-Dokument<\/span> <\/a><\/li><\/ul>\n<\/div>\t<\/div>\n<\/article>\n\n<article\n\tdata-id=\"39\" class=\"betterdocs-single-category-wrapper category-grid default\">\n\t<div class=\"betterdocs-single-category-inner\">\n\t\t\n<div class=\"betterdocs-category-header\">\n\t<div class=\"betterdocs-category-header-inner\">\n\t\t\n<div class=\"betterdocs-category-icon\">\n\t<img decoding=\"async\" alt=\"betterdocs-category-icon\" class=\"betterdocs-category-icon-img\" src=\"https:\/\/itinfo.shsbl.de\/wp-content\/plugins\/betterdocs\/assets\/admin\/images\/betterdocs-cat-icon.svg?v=4.2.4\" \/><\/div>\n<h2 class=\"betterdocs-category-title\">Videokonferenzen<\/h2>\n<div data-count=\"1\" class=\"betterdocs-category-items-counts\">\n\t<span>\n\t\t 1 \t<\/span>\n<\/div>\n\t<\/div>\n<\/div>\n<div class=\"betterdocs-body\">\n<ul class=\"betterdocs-articles-list\">\n\t<li><svg version=\"1.1\" id=\"Layer_1\" xmlns=\"http:\/\/www.w3.org\/2000\/svg\" xmlns:xlink=\"http:\/\/www.w3.org\/1999\/xlink\" x=\"0px\" y=\"0px\"\n\t viewBox=\"0 0 100 100\" xml:space=\"preserve\">\n<g id=\"Icon\">\n\t<path class=\"st0\" d=\"M90.6,87c0,3.4-1.3,6.6-3.7,9c-2.4,2.4-5.6,3.7-9,3.7H22.5c-3.4,0-6.6-1.3-9-3.7c-2.4-2.4-3.7-5.6-3.7-9V13.1\n\t\tc0-3.4,1.3-6.6,3.7-9c2.4-2.4,5.6-3.7,9-3.7h39.7c2.1,0,4.2,0.8,5.7,2.4l20.4,20.4c1.5,1.5,2.4,3.6,2.4,5.7V87z M83.7,87V28.9\n\t\tc0-0.3-0.1-0.6-0.3-0.8L62.9,7.7c-0.2-0.2-0.5-0.3-0.8-0.3H22.5c-1.5,0-3,0.6-4.1,1.7c-1.1,1.1-1.7,2.5-1.7,4.1V87\n\t\tc0,1.5,0.6,3,1.7,4.1c1.1,1.1,2.5,1.7,4.1,1.7h55.4c1.5,0,3-0.6,4.1-1.7C83.1,90,83.7,88.6,83.7,87z\"\/>\n\t<path class=\"st0\" d=\"M60.6,6.2c0-1.9,1.6-3.5,3.5-3.5s3.5,1.6,3.5,3.5v16.2c0,0.6,0.5,1.2,1.2,1.2h16.2c1.9,0,3.5,1.6,3.5,3.5\n\t\ts-1.6,3.5-3.5,3.5H68.7c-4.5,0-8.1-3.6-8.1-8.1V6.2z\"\/>\n\t<path class=\"st0\" d=\"M31.7,46.6c-1.9,0-3.5-1.6-3.5-3.5c0-1.9,1.6-3.5,3.5-3.5h36.9c1.9,0,3.5,1.6,3.5,3.5c0,1.9-1.6,3.5-3.5,3.5\n\t\tH31.7z\"\/>\n\t<path class=\"st0\" d=\"M31.7,62.8c-1.9,0-3.5-1.6-3.5-3.5c0-1.9,1.6-3.5,3.5-3.5h36.9c1.9,0,3.5,1.6,3.5,3.5c0,1.9-1.6,3.5-3.5,3.5\n\t\tH31.7z\"\/>\n\t<path class=\"st0\" d=\"M31.7,79c-1.9,0-3.5-1.6-3.5-3.5c0-1.9,1.6-3.5,3.5-3.5h20.8c1.9,0,3.5,1.6,3.5,3.5c0,1.9-1.6,3.5-3.5,3.5\n\t\tH31.7z\"\/>\n<\/g>\n<\/svg>\n<a href=\"https:\/\/itinfo.shsbl.de\/?docs=ein-dummy-dokument\"><span>Ein Dummy-Dokument<\/span> <\/a><\/li><\/ul>\n<\/div>\t<\/div>\n<\/article>\n\n<article\n\tdata-id=\"38\" class=\"betterdocs-single-category-wrapper category-grid default\">\n\t<div class=\"betterdocs-single-category-inner\">\n\t\t\n<div class=\"betterdocs-category-header\">\n\t<div class=\"betterdocs-category-header-inner\">\n\t\t\n<div class=\"betterdocs-category-icon\">\n\t<img decoding=\"async\" alt=\"betterdocs-category-icon\" class=\"betterdocs-category-icon-img\" src=\"https:\/\/itinfo.shsbl.de\/wp-content\/plugins\/betterdocs\/assets\/admin\/images\/betterdocs-cat-icon.svg?v=4.2.4\" \/><\/div>\n<h2 class=\"betterdocs-category-title\">Kollaboration<\/h2>\n<div data-count=\"1\" class=\"betterdocs-category-items-counts\">\n\t<span>\n\t\t 1 \t<\/span>\n<\/div>\n\t<\/div>\n<\/div>\n<div class=\"betterdocs-body\">\n<ul class=\"betterdocs-articles-list\">\n\t<li><svg version=\"1.1\" id=\"Layer_1\" xmlns=\"http:\/\/www.w3.org\/2000\/svg\" xmlns:xlink=\"http:\/\/www.w3.org\/1999\/xlink\" x=\"0px\" y=\"0px\"\n\t viewBox=\"0 0 100 100\" xml:space=\"preserve\">\n<g id=\"Icon\">\n\t<path class=\"st0\" d=\"M90.6,87c0,3.4-1.3,6.6-3.7,9c-2.4,2.4-5.6,3.7-9,3.7H22.5c-3.4,0-6.6-1.3-9-3.7c-2.4-2.4-3.7-5.6-3.7-9V13.1\n\t\tc0-3.4,1.3-6.6,3.7-9c2.4-2.4,5.6-3.7,9-3.7h39.7c2.1,0,4.2,0.8,5.7,2.4l20.4,20.4c1.5,1.5,2.4,3.6,2.4,5.7V87z M83.7,87V28.9\n\t\tc0-0.3-0.1-0.6-0.3-0.8L62.9,7.7c-0.2-0.2-0.5-0.3-0.8-0.3H22.5c-1.5,0-3,0.6-4.1,1.7c-1.1,1.1-1.7,2.5-1.7,4.1V87\n\t\tc0,1.5,0.6,3,1.7,4.1c1.1,1.1,2.5,1.7,4.1,1.7h55.4c1.5,0,3-0.6,4.1-1.7C83.1,90,83.7,88.6,83.7,87z\"\/>\n\t<path class=\"st0\" d=\"M60.6,6.2c0-1.9,1.6-3.5,3.5-3.5s3.5,1.6,3.5,3.5v16.2c0,0.6,0.5,1.2,1.2,1.2h16.2c1.9,0,3.5,1.6,3.5,3.5\n\t\ts-1.6,3.5-3.5,3.5H68.7c-4.5,0-8.1-3.6-8.1-8.1V6.2z\"\/>\n\t<path class=\"st0\" d=\"M31.7,46.6c-1.9,0-3.5-1.6-3.5-3.5c0-1.9,1.6-3.5,3.5-3.5h36.9c1.9,0,3.5,1.6,3.5,3.5c0,1.9-1.6,3.5-3.5,3.5\n\t\tH31.7z\"\/>\n\t<path class=\"st0\" d=\"M31.7,62.8c-1.9,0-3.5-1.6-3.5-3.5c0-1.9,1.6-3.5,3.5-3.5h36.9c1.9,0,3.5,1.6,3.5,3.5c0,1.9-1.6,3.5-3.5,3.5\n\t\tH31.7z\"\/>\n\t<path class=\"st0\" d=\"M31.7,79c-1.9,0-3.5-1.6-3.5-3.5c0-1.9,1.6-3.5,3.5-3.5h20.8c1.9,0,3.5,1.6,3.5,3.5c0,1.9-1.6,3.5-3.5,3.5\n\t\tH31.7z\"\/>\n<\/g>\n<\/svg>\n<a href=\"https:\/\/itinfo.shsbl.de\/?docs=ein-dummy-dokument-4\"><span>Ein Dummy-Dokument<\/span> <\/a><\/li><\/ul>\n<\/div>\t<\/div>\n<\/article>\n\n<article\n\tdata-id=\"37\" class=\"betterdocs-single-category-wrapper category-grid default\">\n\t<div class=\"betterdocs-single-category-inner\">\n\t\t\n<div class=\"betterdocs-category-header\">\n\t<div class=\"betterdocs-category-header-inner\">\n\t\t\n<div class=\"betterdocs-category-icon\">\n\t<img decoding=\"async\" alt=\"betterdocs-category-icon\" class=\"betterdocs-category-icon-img\" src=\"https:\/\/itinfo.shsbl.de\/wp-content\/plugins\/betterdocs\/assets\/admin\/images\/betterdocs-cat-icon.svg?v=4.2.4\" \/><\/div>\n<h2 class=\"betterdocs-category-title\">Dateien und Laufwerke<\/h2>\n<div data-count=\"1\" class=\"betterdocs-category-items-counts\">\n\t<span>\n\t\t 1 \t<\/span>\n<\/div>\n\t<\/div>\n<\/div>\n<div class=\"betterdocs-body\">\n<ul class=\"betterdocs-articles-list\">\n\t<li><svg version=\"1.1\" id=\"Layer_1\" xmlns=\"http:\/\/www.w3.org\/2000\/svg\" xmlns:xlink=\"http:\/\/www.w3.org\/1999\/xlink\" x=\"0px\" y=\"0px\"\n\t viewBox=\"0 0 100 100\" xml:space=\"preserve\">\n<g id=\"Icon\">\n\t<path class=\"st0\" d=\"M90.6,87c0,3.4-1.3,6.6-3.7,9c-2.4,2.4-5.6,3.7-9,3.7H22.5c-3.4,0-6.6-1.3-9-3.7c-2.4-2.4-3.7-5.6-3.7-9V13.1\n\t\tc0-3.4,1.3-6.6,3.7-9c2.4-2.4,5.6-3.7,9-3.7h39.7c2.1,0,4.2,0.8,5.7,2.4l20.4,20.4c1.5,1.5,2.4,3.6,2.4,5.7V87z M83.7,87V28.9\n\t\tc0-0.3-0.1-0.6-0.3-0.8L62.9,7.7c-0.2-0.2-0.5-0.3-0.8-0.3H22.5c-1.5,0-3,0.6-4.1,1.7c-1.1,1.1-1.7,2.5-1.7,4.1V87\n\t\tc0,1.5,0.6,3,1.7,4.1c1.1,1.1,2.5,1.7,4.1,1.7h55.4c1.5,0,3-0.6,4.1-1.7C83.1,90,83.7,88.6,83.7,87z\"\/>\n\t<path class=\"st0\" d=\"M60.6,6.2c0-1.9,1.6-3.5,3.5-3.5s3.5,1.6,3.5,3.5v16.2c0,0.6,0.5,1.2,1.2,1.2h16.2c1.9,0,3.5,1.6,3.5,3.5\n\t\ts-1.6,3.5-3.5,3.5H68.7c-4.5,0-8.1-3.6-8.1-8.1V6.2z\"\/>\n\t<path class=\"st0\" d=\"M31.7,46.6c-1.9,0-3.5-1.6-3.5-3.5c0-1.9,1.6-3.5,3.5-3.5h36.9c1.9,0,3.5,1.6,3.5,3.5c0,1.9-1.6,3.5-3.5,3.5\n\t\tH31.7z\"\/>\n\t<path class=\"st0\" d=\"M31.7,62.8c-1.9,0-3.5-1.6-3.5-3.5c0-1.9,1.6-3.5,3.5-3.5h36.9c1.9,0,3.5,1.6,3.5,3.5c0,1.9-1.6,3.5-3.5,3.5\n\t\tH31.7z\"\/>\n\t<path class=\"st0\" d=\"M31.7,79c-1.9,0-3.5-1.6-3.5-3.5c0-1.9,1.6-3.5,3.5-3.5h20.8c1.9,0,3.5,1.6,3.5,3.5c0,1.9-1.6,3.5-3.5,3.5\n\t\tH31.7z\"\/>\n<\/g>\n<\/svg>\n<a href=\"https:\/\/itinfo.shsbl.de\/?docs=ein-dummy-dokument-6\"><span>Ein Dummy-Dokument<\/span> <\/a><\/li><\/ul>\n<\/div>\t<\/div>\n<\/article>\n\n<article\n\tdata-id=\"36\" class=\"betterdocs-single-category-wrapper category-grid default\">\n\t<div class=\"betterdocs-single-category-inner\">\n\t\t\n<div class=\"betterdocs-category-header\">\n\t<div class=\"betterdocs-category-header-inner\">\n\t\t\n<div class=\"betterdocs-category-icon\">\n\t<img decoding=\"async\" alt=\"betterdocs-category-icon\" class=\"betterdocs-category-icon-img\" src=\"https:\/\/itinfo.shsbl.de\/wp-content\/plugins\/betterdocs\/assets\/admin\/images\/betterdocs-cat-icon.svg?v=4.2.4\" \/><\/div>\n<h2 class=\"betterdocs-category-title\">Schulcloud<\/h2>\n<div data-count=\"1\" class=\"betterdocs-category-items-counts\">\n\t<span>\n\t\t 1 \t<\/span>\n<\/div>\n\t<\/div>\n<\/div>\n<div class=\"betterdocs-body\">\n<ul class=\"betterdocs-articles-list\">\n\t<li><svg version=\"1.1\" id=\"Layer_1\" xmlns=\"http:\/\/www.w3.org\/2000\/svg\" xmlns:xlink=\"http:\/\/www.w3.org\/1999\/xlink\" x=\"0px\" y=\"0px\"\n\t viewBox=\"0 0 100 100\" xml:space=\"preserve\">\n<g id=\"Icon\">\n\t<path class=\"st0\" d=\"M90.6,87c0,3.4-1.3,6.6-3.7,9c-2.4,2.4-5.6,3.7-9,3.7H22.5c-3.4,0-6.6-1.3-9-3.7c-2.4-2.4-3.7-5.6-3.7-9V13.1\n\t\tc0-3.4,1.3-6.6,3.7-9c2.4-2.4,5.6-3.7,9-3.7h39.7c2.1,0,4.2,0.8,5.7,2.4l20.4,20.4c1.5,1.5,2.4,3.6,2.4,5.7V87z M83.7,87V28.9\n\t\tc0-0.3-0.1-0.6-0.3-0.8L62.9,7.7c-0.2-0.2-0.5-0.3-0.8-0.3H22.5c-1.5,0-3,0.6-4.1,1.7c-1.1,1.1-1.7,2.5-1.7,4.1V87\n\t\tc0,1.5,0.6,3,1.7,4.1c1.1,1.1,2.5,1.7,4.1,1.7h55.4c1.5,0,3-0.6,4.1-1.7C83.1,90,83.7,88.6,83.7,87z\"\/>\n\t<path class=\"st0\" d=\"M60.6,6.2c0-1.9,1.6-3.5,3.5-3.5s3.5,1.6,3.5,3.5v16.2c0,0.6,0.5,1.2,1.2,1.2h16.2c1.9,0,3.5,1.6,3.5,3.5\n\t\ts-1.6,3.5-3.5,3.5H68.7c-4.5,0-8.1-3.6-8.1-8.1V6.2z\"\/>\n\t<path class=\"st0\" d=\"M31.7,46.6c-1.9,0-3.5-1.6-3.5-3.5c0-1.9,1.6-3.5,3.5-3.5h36.9c1.9,0,3.5,1.6,3.5,3.5c0,1.9-1.6,3.5-3.5,3.5\n\t\tH31.7z\"\/>\n\t<path class=\"st0\" d=\"M31.7,62.8c-1.9,0-3.5-1.6-3.5-3.5c0-1.9,1.6-3.5,3.5-3.5h36.9c1.9,0,3.5,1.6,3.5,3.5c0,1.9-1.6,3.5-3.5,3.5\n\t\tH31.7z\"\/>\n\t<path class=\"st0\" d=\"M31.7,79c-1.9,0-3.5-1.6-3.5-3.5c0-1.9,1.6-3.5,3.5-3.5h20.8c1.9,0,3.5,1.6,3.5,3.5c0,1.9-1.6,3.5-3.5,3.5\n\t\tH31.7z\"\/>\n<\/g>\n<\/svg>\n<a href=\"https:\/\/itinfo.shsbl.de\/?docs=handbuch-fuer-die-nextcloud\"><span>Handbuch f\u00fcr die Nextcloud<\/span> <\/a><\/li><\/ul>\n<\/div>\t<\/div>\n<\/article>\n\n<article\n\tdata-id=\"35\" class=\"betterdocs-single-category-wrapper category-grid default\">\n\t<div class=\"betterdocs-single-category-inner\">\n\t\t\n<div class=\"betterdocs-category-header\">\n\t<div class=\"betterdocs-category-header-inner\">\n\t\t\n<div class=\"betterdocs-category-icon\">\n\t<img decoding=\"async\" alt=\"betterdocs-category-icon\" class=\"betterdocs-category-icon-img\" src=\"https:\/\/itinfo.shsbl.de\/wp-content\/plugins\/betterdocs\/assets\/admin\/images\/betterdocs-cat-icon.svg?v=4.2.4\" \/><\/div>\n<h2 class=\"betterdocs-category-title\">AirServer<\/h2>\n<div data-count=\"1\" class=\"betterdocs-category-items-counts\">\n\t<span>\n\t\t 1 \t<\/span>\n<\/div>\n\t<\/div>\n<\/div>\n<div class=\"betterdocs-body\">\n<ul class=\"betterdocs-articles-list\">\n\t<li><svg version=\"1.1\" id=\"Layer_1\" xmlns=\"http:\/\/www.w3.org\/2000\/svg\" xmlns:xlink=\"http:\/\/www.w3.org\/1999\/xlink\" x=\"0px\" y=\"0px\"\n\t viewBox=\"0 0 100 100\" xml:space=\"preserve\">\n<g id=\"Icon\">\n\t<path class=\"st0\" d=\"M90.6,87c0,3.4-1.3,6.6-3.7,9c-2.4,2.4-5.6,3.7-9,3.7H22.5c-3.4,0-6.6-1.3-9-3.7c-2.4-2.4-3.7-5.6-3.7-9V13.1\n\t\tc0-3.4,1.3-6.6,3.7-9c2.4-2.4,5.6-3.7,9-3.7h39.7c2.1,0,4.2,0.8,5.7,2.4l20.4,20.4c1.5,1.5,2.4,3.6,2.4,5.7V87z M83.7,87V28.9\n\t\tc0-0.3-0.1-0.6-0.3-0.8L62.9,7.7c-0.2-0.2-0.5-0.3-0.8-0.3H22.5c-1.5,0-3,0.6-4.1,1.7c-1.1,1.1-1.7,2.5-1.7,4.1V87\n\t\tc0,1.5,0.6,3,1.7,4.1c1.1,1.1,2.5,1.7,4.1,1.7h55.4c1.5,0,3-0.6,4.1-1.7C83.1,90,83.7,88.6,83.7,87z\"\/>\n\t<path class=\"st0\" d=\"M60.6,6.2c0-1.9,1.6-3.5,3.5-3.5s3.5,1.6,3.5,3.5v16.2c0,0.6,0.5,1.2,1.2,1.2h16.2c1.9,0,3.5,1.6,3.5,3.5\n\t\ts-1.6,3.5-3.5,3.5H68.7c-4.5,0-8.1-3.6-8.1-8.1V6.2z\"\/>\n\t<path class=\"st0\" d=\"M31.7,46.6c-1.9,0-3.5-1.6-3.5-3.5c0-1.9,1.6-3.5,3.5-3.5h36.9c1.9,0,3.5,1.6,3.5,3.5c0,1.9-1.6,3.5-3.5,3.5\n\t\tH31.7z\"\/>\n\t<path class=\"st0\" d=\"M31.7,62.8c-1.9,0-3.5-1.6-3.5-3.5c0-1.9,1.6-3.5,3.5-3.5h36.9c1.9,0,3.5,1.6,3.5,3.5c0,1.9-1.6,3.5-3.5,3.5\n\t\tH31.7z\"\/>\n\t<path class=\"st0\" d=\"M31.7,79c-1.9,0-3.5-1.6-3.5-3.5c0-1.9,1.6-3.5,3.5-3.5h20.8c1.9,0,3.5,1.6,3.5,3.5c0,1.9-1.6,3.5-3.5,3.5\n\t\tH31.7z\"\/>\n<\/g>\n<\/svg>\n<a href=\"https:\/\/itinfo.shsbl.de\/?docs=ein-dummy-dokument-5\"><span>Ein Dummy-Dokument<\/span> <\/a><\/li><\/ul>\n<\/div>\t<\/div>\n<\/article>\n\n<article\n\tdata-id=\"34\" class=\"betterdocs-single-category-wrapper category-grid default\">\n\t<div class=\"betterdocs-single-category-inner\">\n\t\t\n<div class=\"betterdocs-category-header\">\n\t<div class=\"betterdocs-category-header-inner\">\n\t\t\n<div class=\"betterdocs-category-icon\">\n\t<img decoding=\"async\" alt=\"betterdocs-category-icon\" class=\"betterdocs-category-icon-img\" src=\"https:\/\/itinfo.shsbl.de\/wp-content\/plugins\/betterdocs\/assets\/admin\/images\/betterdocs-cat-icon.svg?v=4.2.4\" \/><\/div>\n<h2 class=\"betterdocs-category-title\">Primeboard<\/h2>\n<div data-count=\"1\" class=\"betterdocs-category-items-counts\">\n\t<span>\n\t\t 1 \t<\/span>\n<\/div>\n\t<\/div>\n<\/div>\n<div class=\"betterdocs-body\">\n<ul class=\"betterdocs-articles-list\">\n\t<li><svg version=\"1.1\" id=\"Layer_1\" xmlns=\"http:\/\/www.w3.org\/2000\/svg\" xmlns:xlink=\"http:\/\/www.w3.org\/1999\/xlink\" x=\"0px\" y=\"0px\"\n\t viewBox=\"0 0 100 100\" xml:space=\"preserve\">\n<g id=\"Icon\">\n\t<path class=\"st0\" d=\"M90.6,87c0,3.4-1.3,6.6-3.7,9c-2.4,2.4-5.6,3.7-9,3.7H22.5c-3.4,0-6.6-1.3-9-3.7c-2.4-2.4-3.7-5.6-3.7-9V13.1\n\t\tc0-3.4,1.3-6.6,3.7-9c2.4-2.4,5.6-3.7,9-3.7h39.7c2.1,0,4.2,0.8,5.7,2.4l20.4,20.4c1.5,1.5,2.4,3.6,2.4,5.7V87z M83.7,87V28.9\n\t\tc0-0.3-0.1-0.6-0.3-0.8L62.9,7.7c-0.2-0.2-0.5-0.3-0.8-0.3H22.5c-1.5,0-3,0.6-4.1,1.7c-1.1,1.1-1.7,2.5-1.7,4.1V87\n\t\tc0,1.5,0.6,3,1.7,4.1c1.1,1.1,2.5,1.7,4.1,1.7h55.4c1.5,0,3-0.6,4.1-1.7C83.1,90,83.7,88.6,83.7,87z\"\/>\n\t<path class=\"st0\" d=\"M60.6,6.2c0-1.9,1.6-3.5,3.5-3.5s3.5,1.6,3.5,3.5v16.2c0,0.6,0.5,1.2,1.2,1.2h16.2c1.9,0,3.5,1.6,3.5,3.5\n\t\ts-1.6,3.5-3.5,3.5H68.7c-4.5,0-8.1-3.6-8.1-8.1V6.2z\"\/>\n\t<path class=\"st0\" d=\"M31.7,46.6c-1.9,0-3.5-1.6-3.5-3.5c0-1.9,1.6-3.5,3.5-3.5h36.9c1.9,0,3.5,1.6,3.5,3.5c0,1.9-1.6,3.5-3.5,3.5\n\t\tH31.7z\"\/>\n\t<path class=\"st0\" d=\"M31.7,62.8c-1.9,0-3.5-1.6-3.5-3.5c0-1.9,1.6-3.5,3.5-3.5h36.9c1.9,0,3.5,1.6,3.5,3.5c0,1.9-1.6,3.5-3.5,3.5\n\t\tH31.7z\"\/>\n\t<path class=\"st0\" d=\"M31.7,79c-1.9,0-3.5-1.6-3.5-3.5c0-1.9,1.6-3.5,3.5-3.5h20.8c1.9,0,3.5,1.6,3.5,3.5c0,1.9-1.6,3.5-3.5,3.5\n\t\tH31.7z\"\/>\n<\/g>\n<\/svg>\n<a href=\"https:\/\/itinfo.shsbl.de\/?docs=schulungsvideo-von-herrn-falter-cineproject\"><span>Schulungsvideo von Herrn Falter, Cineproject<\/span> <\/a><\/li><\/ul>\n<\/div>\t<\/div>\n<\/article>\n\n<article\n\tdata-id=\"33\" class=\"betterdocs-single-category-wrapper category-grid default\">\n\t<div class=\"betterdocs-single-category-inner\">\n\t\t\n<div class=\"betterdocs-category-header\">\n\t<div class=\"betterdocs-category-header-inner\">\n\t\t\n<div class=\"betterdocs-category-icon\">\n\t<img decoding=\"async\" alt=\"betterdocs-category-icon\" class=\"betterdocs-category-icon-img\" src=\"https:\/\/itinfo.shsbl.de\/wp-content\/plugins\/betterdocs\/assets\/admin\/images\/betterdocs-cat-icon.svg?v=4.2.4\" \/><\/div>\n<h2 class=\"betterdocs-category-title\">WLAN<\/h2>\n<div data-count=\"1\" class=\"betterdocs-category-items-counts\">\n\t<span>\n\t\t 1 \t<\/span>\n<\/div>\n\t<\/div>\n<\/div>\n<div class=\"betterdocs-body\">\n<ul class=\"betterdocs-articles-list\">\n\t<li><svg version=\"1.1\" id=\"Layer_1\" xmlns=\"http:\/\/www.w3.org\/2000\/svg\" xmlns:xlink=\"http:\/\/www.w3.org\/1999\/xlink\" x=\"0px\" y=\"0px\"\n\t viewBox=\"0 0 100 100\" xml:space=\"preserve\">\n<g id=\"Icon\">\n\t<path class=\"st0\" d=\"M90.6,87c0,3.4-1.3,6.6-3.7,9c-2.4,2.4-5.6,3.7-9,3.7H22.5c-3.4,0-6.6-1.3-9-3.7c-2.4-2.4-3.7-5.6-3.7-9V13.1\n\t\tc0-3.4,1.3-6.6,3.7-9c2.4-2.4,5.6-3.7,9-3.7h39.7c2.1,0,4.2,0.8,5.7,2.4l20.4,20.4c1.5,1.5,2.4,3.6,2.4,5.7V87z M83.7,87V28.9\n\t\tc0-0.3-0.1-0.6-0.3-0.8L62.9,7.7c-0.2-0.2-0.5-0.3-0.8-0.3H22.5c-1.5,0-3,0.6-4.1,1.7c-1.1,1.1-1.7,2.5-1.7,4.1V87\n\t\tc0,1.5,0.6,3,1.7,4.1c1.1,1.1,2.5,1.7,4.1,1.7h55.4c1.5,0,3-0.6,4.1-1.7C83.1,90,83.7,88.6,83.7,87z\"\/>\n\t<path class=\"st0\" d=\"M60.6,6.2c0-1.9,1.6-3.5,3.5-3.5s3.5,1.6,3.5,3.5v16.2c0,0.6,0.5,1.2,1.2,1.2h16.2c1.9,0,3.5,1.6,3.5,3.5\n\t\ts-1.6,3.5-3.5,3.5H68.7c-4.5,0-8.1-3.6-8.1-8.1V6.2z\"\/>\n\t<path class=\"st0\" d=\"M31.7,46.6c-1.9,0-3.5-1.6-3.5-3.5c0-1.9,1.6-3.5,3.5-3.5h36.9c1.9,0,3.5,1.6,3.5,3.5c0,1.9-1.6,3.5-3.5,3.5\n\t\tH31.7z\"\/>\n\t<path class=\"st0\" d=\"M31.7,62.8c-1.9,0-3.5-1.6-3.5-3.5c0-1.9,1.6-3.5,3.5-3.5h36.9c1.9,0,3.5,1.6,3.5,3.5c0,1.9-1.6,3.5-3.5,3.5\n\t\tH31.7z\"\/>\n\t<path class=\"st0\" d=\"M31.7,79c-1.9,0-3.5-1.6-3.5-3.5c0-1.9,1.6-3.5,3.5-3.5h20.8c1.9,0,3.5,1.6,3.5,3.5c0,1.9-1.6,3.5-3.5,3.5\n\t\tH31.7z\"\/>\n<\/g>\n<\/svg>\n<a href=\"https:\/\/itinfo.shsbl.de\/?docs=internetfreigabe-fuer-schuelerinnen-und-schueler\"><span>Internetfreigabe f\u00fcr Sch\u00fclerinnen und Sch\u00fcler<\/span> <\/a><\/li><\/ul>\n<\/div>\t<\/div>\n<\/article>\n\t<\/div>\n\t\t<div class=\"clearfix\"><\/div>\n\t<\/div>\n\n\n\n\n<p><\/p>\n","protected":false},"excerpt":{"rendered":"","protected":false},"author":1,"featured_media":0,"parent":0,"menu_order":0,"comment_status":"closed","ping_status":"closed","template":"","meta":{"ocean_post_layout":"","ocean_both_sidebars_style":"","ocean_both_sidebars_content_width":0,"ocean_both_sidebars_sidebars_width":0,"ocean_sidebar":"","ocean_second_sidebar":"","ocean_disable_margins":"enable","ocean_add_body_class":"","ocean_shortcode_before_top_bar":"","ocean_shortcode_after_top_bar":"","ocean_shortcode_before_header":"","ocean_shortcode_after_header":"","ocean_has_shortcode":"","ocean_shortcode_after_title":"","ocean_shortcode_before_footer_widgets":"","ocean_shortcode_after_footer_widgets":"","ocean_shortcode_before_footer_bottom":"","ocean_shortcode_after_footer_bottom":"","ocean_display_top_bar":"default","ocean_display_header":"default","ocean_header_style":"","ocean_center_header_left_menu":"","ocean_custom_header_template":"","ocean_custom_logo":0,"ocean_custom_retina_logo":0,"ocean_custom_logo_max_width":0,"ocean_custom_logo_tablet_max_width":0,"ocean_custom_logo_mobile_max_width":0,"ocean_custom_logo_max_height":0,"ocean_custom_logo_tablet_max_height":0,"ocean_custom_logo_mobile_max_height":0,"ocean_header_custom_menu":"","ocean_menu_typo_font_family":"","ocean_menu_typo_font_subset":"","ocean_menu_typo_font_size":0,"ocean_menu_typo_font_size_tablet":0,"ocean_menu_typo_font_size_mobile":0,"ocean_menu_typo_font_size_unit":"px","ocean_menu_typo_font_weight":"","ocean_menu_typo_font_weight_tablet":"","ocean_menu_typo_font_weight_mobile":"","ocean_menu_typo_transform":"","ocean_menu_typo_transform_tablet":"","ocean_menu_typo_transform_mobile":"","ocean_menu_typo_line_height":0,"ocean_menu_typo_line_height_tablet":0,"ocean_menu_typo_line_height_mobile":0,"ocean_menu_typo_line_height_unit":"","ocean_menu_typo_spacing":0,"ocean_menu_typo_spacing_tablet":0,"ocean_menu_typo_spacing_mobile":0,"ocean_menu_typo_spacing_unit":"","ocean_menu_link_color":"","ocean_menu_link_color_hover":"","ocean_menu_link_color_active":"","ocean_menu_link_background":"","ocean_menu_link_hover_background":"","ocean_menu_link_active_background":"","ocean_menu_social_links_bg":"","ocean_menu_social_hover_links_bg":"","ocean_menu_social_links_color":"","ocean_menu_social_hover_links_color":"","ocean_disable_title":"default","ocean_disable_heading":"default","ocean_post_title":"","ocean_post_subheading":"","ocean_post_title_style":"","ocean_post_title_background_color":"","ocean_post_title_background":0,"ocean_post_title_bg_image_position":"","ocean_post_title_bg_image_attachment":"","ocean_post_title_bg_image_repeat":"","ocean_post_title_bg_image_size":"","ocean_post_title_height":0,"ocean_post_title_bg_overlay":0.5,"ocean_post_title_bg_overlay_color":"","ocean_disable_breadcrumbs":"default","ocean_breadcrumbs_color":"","ocean_breadcrumbs_separator_color":"","ocean_breadcrumbs_links_color":"","ocean_breadcrumbs_links_hover_color":"","ocean_display_footer_widgets":"default","ocean_display_footer_bottom":"default","ocean_custom_footer_template":"","_themeisle_gutenberg_block_has_review":false,"footnotes":""},"class_list":["post-1035","page","type-page","status-publish","hentry","entry"],"_links":{"self":[{"href":"https:\/\/itinfo.shsbl.de\/index.php?rest_route=\/wp\/v2\/pages\/1035","targetHints":{"allow":["GET"]}}],"collection":[{"href":"https:\/\/itinfo.shsbl.de\/index.php?rest_route=\/wp\/v2\/pages"}],"about":[{"href":"https:\/\/itinfo.shsbl.de\/index.php?rest_route=\/wp\/v2\/types\/page"}],"author":[{"embeddable":true,"href":"https:\/\/itinfo.shsbl.de\/index.php?rest_route=\/wp\/v2\/users\/1"}],"replies":[{"embeddable":true,"href":"https:\/\/itinfo.shsbl.de\/index.php?rest_route=%2Fwp%2Fv2%2Fcomments&post=1035"}],"version-history":[{"count":14,"href":"https:\/\/itinfo.shsbl.de\/index.php?rest_route=\/wp\/v2\/pages\/1035\/revisions"}],"predecessor-version":[{"id":1139,"href":"https:\/\/itinfo.shsbl.de\/index.php?rest_route=\/wp\/v2\/pages\/1035\/revisions\/1139"}],"wp:attachment":[{"href":"https:\/\/itinfo.shsbl.de\/index.php?rest_route=%2Fwp%2Fv2%2Fmedia&parent=1035"}],"curies":[{"name":"wp","href":"https:\/\/api.w.org\/{rel}","templated":true}]}}